{"id":512,"date":"2024-08-08T15:27:42","date_gmt":"2024-08-08T13:27:42","guid":{"rendered":"https:\/\/www.cd-diagnostic.fr\/?page_id=512"},"modified":"2024-08-09T00:36:10","modified_gmt":"2024-08-08T22:36:10","slug":"a-propos","status":"publish","type":"page","link":"https:\/\/www.cd-diagnostic.fr\/index.php\/a-propos\/","title":{"rendered":"\u00c0 propos"},"content":{"rendered":"\t\t<div data-elementor-type=\"wp-page\" data-elementor-id=\"512\" class=\"elementor elementor-512\" data-elementor-settings=\"[]\">\n\t\t\t\t\t\t\t<div class=\"elementor-section-wrap\">\n\t\t\t\t\t\t\t<section class=\"elementor-section elementor-top-section elementor-element elementor-element-d56cb45 elementor-section-boxed elementor-section-height-default elementor-section-height-default\" data-id=\"d56cb45\" data-element_type=\"section\">\n\t\t\t\t\t\t<div class=\"elementor-container elementor-column-gap-default\">\n\t\t\t\t\t<div class=\"elementor-column elementor-col-100 elementor-top-column elementor-element elementor-element-579315e\" data-id=\"579315e\" data-element_type=\"column\">\n\t\t\t<div class=\"elementor-widget-wrap elementor-element-populated\">\n\t\t\t\t\t\t\t\t<div class=\"elementor-element elementor-element-93b6362 elementor-widget elementor-widget-heading\" data-id=\"93b6362\" data-element_type=\"widget\" data-widget_type=\"heading.default\">\n\t\t\t\t<div class=\"elementor-widget-container\">\n\t\t\t<h2 class=\"elementor-heading-title elementor-size-default\">\u00c0 propos de nous<\/h2>\t\t<\/div>\n\t\t\t\t<\/div>\n\t\t\t\t\t<\/div>\n\t\t<\/div>\n\t\t\t\t\t\t\t<\/div>\n\t\t<\/section>\n\t\t\t\t<section class=\"elementor-section elementor-top-section elementor-element elementor-element-6674980 elementor-section-boxed elementor-section-height-default elementor-section-height-default\" data-id=\"6674980\" data-element_type=\"section\">\n\t\t\t\t\t\t<div class=\"elementor-container elementor-column-gap-default\">\n\t\t\t\t\t<div class=\"elementor-column elementor-col-100 elementor-top-column elementor-element elementor-element-7f2ec29\" data-id=\"7f2ec29\" data-element_type=\"column\">\n\t\t\t<div class=\"elementor-widget-wrap elementor-element-populated\">\n\t\t\t\t\t\t\t\t<div class=\"elementor-element elementor-element-6c5c487 elementor-widget elementor-widget-spacer\" data-id=\"6c5c487\" data-element_type=\"widget\" data-widget_type=\"spacer.default\">\n\t\t\t\t<div class=\"elementor-widget-container\">\n\t\t\t\t\t<div class=\"elementor-spacer\">\n\t\t\t<div class=\"elementor-spacer-inner\"><\/div>\n\t\t<\/div>\n\t\t\t\t<\/div>\n\t\t\t\t<\/div>\n\t\t\t\t\t<\/div>\n\t\t<\/div>\n\t\t\t\t\t\t\t<\/div>\n\t\t<\/section>\n\t\t\t\t<section class=\"elementor-section elementor-top-section elementor-element elementor-element-24b74fc elementor-section-boxed elementor-section-height-default elementor-section-height-default\" data-id=\"24b74fc\" data-element_type=\"section\">\n\t\t\t\t\t\t<div class=\"elementor-container elementor-column-gap-default\">\n\t\t\t\t\t<div class=\"elementor-column elementor-col-50 elementor-top-column elementor-element elementor-element-5c14c9d\" data-id=\"5c14c9d\" data-element_type=\"column\">\n\t\t\t<div class=\"elementor-widget-wrap elementor-element-populated\">\n\t\t\t\t\t\t\t\t<div class=\"elementor-element elementor-element-57b6267 elementor-widget elementor-widget-text-editor\" data-id=\"57b6267\" data-element_type=\"widget\" data-widget_type=\"text-editor.default\">\n\t\t\t\t<div class=\"elementor-widget-container\">\n\t\t\t\t\t<div class=\"elementor-text-editor elementor-clearfix\"><section id=\"about\">\n<h2>Qui sommes-nous ?<\/h2>\nChez <span style=\"color: #126e3b;\"><strong>CD DIAGNOSTIC<\/strong><\/span>, nous sommes sp\u00e9cialis\u00e9s dans les diagnostics immobiliers. Notre mission est de garantir la s\u00e9curit\u00e9 de vos biens immobiliers gr\u00e2ce \u00e0 des diagnostics pr\u00e9cis et fiables.\n\nForts de plusieurs ann\u00e9es d&rsquo;exp\u00e9rience dans le secteur, nous avons acquis une expertise reconnue qui nous permet de r\u00e9pondre aux besoins sp\u00e9cifiques de chaque client.\n\nNos valeurs reposent sur l&rsquo;int\u00e9grit\u00e9, la transparence et le professionnalisme. Nous nous engageons \u00e0 fournir des rapports de diagnostic d\u00e9taill\u00e9s et compr\u00e9hensibles, en respectant les normes en vigueur et les meilleures pratiques de l&rsquo;industrie.\n<\/br>\n<\/br>\nNous croyons fermement que chaque propri\u00e9t\u00e9 m\u00e9rite une attention particuli\u00e8re. C&rsquo;est pourquoi nous offrons des services personnalis\u00e9s adapt\u00e9s aux exigences de chaque projet, qu&rsquo;il s&rsquo;agisse de diagnostics pour la vente, la location, ou avant des travaux de r\u00e9novation. En choisissant <span style=\"color: #126e3b;\"><strong>CD DIAGNOSTIC<\/strong><\/span>, vous optez pour la tranquillit\u00e9 d&rsquo;esprit, sachant que vos diagnostics sont effectu\u00e9s par des professionnels qualifi\u00e9s et d\u00e9vou\u00e9s.\n<\/br>\n<\/br>\nNotre \u00e9quipe est compos\u00e9e de diagnostiqueurs certifi\u00e9s, form\u00e9s pour utiliser les technologies les plus avanc\u00e9es afin de d\u00e9tecter avec pr\u00e9cision les \u00e9ventuels risques pr\u00e9sents dans les b\u00e2timents. Nous sommes fiers de contribuer \u00e0 la s\u00e9curit\u00e9 des occupants et \u00e0 la pr\u00e9servation de la valeur de votre patrimoine immobilier.\n<\/section><\/div>\n\t\t\t\t<\/div>\n\t\t\t\t<\/div>\n\t\t\t\t\t<\/div>\n\t\t<\/div>\n\t\t\t\t<div class=\"elementor-column elementor-col-50 elementor-top-column elementor-element elementor-element-3791529\" data-id=\"3791529\" data-element_type=\"column\">\n\t\t\t<div class=\"elementor-widget-wrap\">\n\t\t\t\t\t\t\t\t\t<\/div>\n\t\t<\/div>\n\t\t\t\t\t\t\t<\/div>\n\t\t<\/section>\n\t\t\t\t\t\t<\/div>\n\t\t\t\t\t<\/div>\n\t\t","protected":false},"excerpt":{"rendered":"<p>\u00c0 propos de nous Qui sommes-nous ? Chez CD DIAGNOSTIC, nous sommes sp\u00e9cialis\u00e9s dans les [&hellip;]<\/p>\n","protected":false},"author":1,"featured_media":0,"parent":0,"menu_order":0,"comment_status":"closed","ping_status":"closed","template":"","meta":{"footnotes":""},"class_list":["post-512","page","type-page","status-publish","hentry"],"_links":{"self":[{"href":"https:\/\/www.cd-diagnostic.fr\/index.php\/wp-json\/wp\/v2\/pages\/512","targetHints":{"allow":["GET"]}}],"collection":[{"href":"https:\/\/www.cd-diagnostic.fr\/index.php\/wp-json\/wp\/v2\/pages"}],"about":[{"href":"https:\/\/www.cd-diagnostic.fr\/index.php\/wp-json\/wp\/v2\/types\/page"}],"author":[{"embeddable":true,"href":"https:\/\/www.cd-diagnostic.fr\/index.php\/wp-json\/wp\/v2\/users\/1"}],"replies":[{"embeddable":true,"href":"https:\/\/www.cd-diagnostic.fr\/index.php\/wp-json\/wp\/v2\/comments?post=512"}],"version-history":[{"count":4,"href":"https:\/\/www.cd-diagnostic.fr\/index.php\/wp-json\/wp\/v2\/pages\/512\/revisions"}],"predecessor-version":[{"id":654,"href":"https:\/\/www.cd-diagnostic.fr\/index.php\/wp-json\/wp\/v2\/pages\/512\/revisions\/654"}],"wp:attachment":[{"href":"https:\/\/www.cd-diagnostic.fr\/index.php\/wp-json\/wp\/v2\/media?parent=512"}],"curies":[{"name":"wp","href":"https:\/\/api.w.org\/{rel}","templated":true}]}}